e number?
False
Suppose 0 = 14*g + 478 + 348. Is 1/(-3)*(g + -11878) composite?
True
Let u = 23394 - -338839. Is u prime?
True
Let i be (1 + 2)/3 + -4. Let x be (-24)/(-3)*-1 - i. Is (-4348)/x - 9/15 a prime number?
False
Let g(c) = -360*c**3 + 7*c**2 + 67*c + 431. Is g(-6) a prime number?
True
Suppose -24*j + 20929430 = 7827806. Is j composite?
True
Let c = 5390 + -1462. Let w = -1779 + c. Is w prime?
False
Let x be 1 + (-1 - (-10 + -2)/1). Suppose -14*g + x*g + 23938 = -5*p, 23906 = 2*g + 3*p. Is g a prime number?
True
Suppose -7*x + 963931 = 36*x. Suppose 10*g - 81273 - x = 0. Is g prime?
True
Let q(z) be the first derivative of 8*z**3 + 13*z**2/2 - 4*z + 27. Let p = 18 - 27. Is q(p) prime?
True
Let n(x) = -1236*x**3 - 8*x**2 - 59*x - 261. Is n(-5) prime?
False
Suppose -34 = 28*x - 6. Let y(z) = -551*z - 22. Is y(x) a prime number?
False
Suppose 0 = 4*q - 7*q - t - 33, t - 7 = q. Let n = q - -12. Suppose -3*d + 1684 = 5*k - n*d, 5*k - 1690 = 5*d. Is k a prime number?
True
Suppose 0 = -q, 4*c - 8*c = -3*q + 776. Let s = -39 + -490. Let v = c - s. Is v a composite number?
True
Let y = -204 - -209. Suppose -2*o - 7*l = -3*l - 1982, -o + 1012 = -y*l. Is o a prime number?
True
Let z = 47 + -55. Let f be (27/(-6))/(((-8)/(-2))/z). Suppose i + f*i - 1390 = 0. Is i a composite number?
False
Let m = 68 - 71. Let s be (79045/(-15) - -4)*m. Let h = -10936 + s. Is h a prime number?
True
Let k be (334/4)/(3/642). Suppose 1683 = -2*d + k. Is d a prime number?
True
Suppose -10 = -5*s + 2*a, 3*s + 669*a + 15 = 666*a. Let v(z) be the third derivative of 7*z**4/24 + 391*z**3/6 - z**2. Is v(s) composite?
True
Let h be (-63)/(-18) - (-2)/(-4). Suppose 17171 = h*b + 5*m - 4*m, -4*b + 4*m + 22884 = 0. Is b a prime number?
False
Suppose -19*u + 5*u = -666156 - 701126. Is u prime?
False
Is ((-88255150)/4425)/(1*4/(-6)) a prime number?
True
Is ((-5387632)/(-32))/(28/8 - 3) composite?
False
Let j(b) = -b**3 - 31*b**2 - 31*b - 12. Let y be j(-30). Is -2 + 420 - (y/2 + -4) composite?
True
Let d = -5482 - -12215. Is d a prime number?
True
Let b = 9988 - -3685. Suppose -5*m = 3*h + 2, 4*m + 3*h - h = 0. Suppose w = j + 4556, 2*w - 5*w + m*j = -b. Is w a prime number?
True
Let h(f) = 2 + 107*f + 112*f - 2*f**2 + 5*f**2 - f**3 - 213*f. Let c be h(5). Let w(a) = -a**3 - 14*a**2 + 4*a + 31. Is w(c) a composite number?
True
Let c(j) = -5*j**2 + 4*j + 2. Suppose 8 = 5*y - 2. Let m be c(y). Is 3 - (-1090)/7 - m/35 composite?
True
Let m = -69009 - -243683. Is m a prime number?
False
Suppose 23662171 + 8128568 - 2597 = 146*h. Is h composite?
False
Suppose 0 = 18*x - 41*x + 306038. Is x a prime number?
False
Let o = 19632 - 11215. Is o a composite number?
True
Suppose -5*b + 7156 = -4*a, 20*a = -4*b + 16*a + 5696. Suppose -4*g + 14 = 5*v, 3*v - 2 = -3*g + 10. Suppose 0 = g*w + 162 - b. Is w composite?
False
Let g(t) = 764*t**2 - 15*t + 17. Let y be g(2). Suppose -y - 939 = -2*c + 4*h, -4*h + 9913 = 5*c. Is c a prime number?
False
Suppose s - 30*t + 29*t - 486899 = 0, 2*s = t + 973806. Is s prime?
True
Suppose 6*i = -4*k + 8*i + 154224, -2*k - 3*i + 77120 = 0. Is k composite?
False
Is (-28)/63 - (-1120)/90 - -494507 prime?
True
Is ((-3)/(-3) + 1579243)*9/36 prime?
True
Let s(d) = 5988*d**2 + 65*d + 11. Is s(4) prime?
True
Suppose -820 = 3*o + 101. Let g = o - -1668. Is g prime?
True
Let p(b) = 12 - 2 - 1 + 2*b + 12*b**2. Let k be -119 + 113 - 13/(-1). Is p(k) prime?
False
Suppose -j - 15*j + 4814306 = -2*j. Is j a prime number?
False
Let j(p) = p**2 - 19*p + 12. Let k be j(14). Let x = k + 449. Let u = x - -60. Is u a composite number?
True
Suppose -u + 1334565 = 2*c, -1334569 = -2*c + 70*u - 67*u. Is c composite?
False
Suppose 417*b = 5*u + 421*b - 1243919, 1243871 = 5*u - 4*b. Is u prime?
True
Let v be 27/(-2) - (-1)/2. Let n = v + 17. Suppose s + s - 6606 = -n*k, 0 = -2*s + 2. Is k a composite number?
True
Let l = -474147 + 729154. Is l a prime number?
True
Suppose 27*l = -14*l + 3825997. Suppose 12*a - l = 11*a. Is a prime?
False
Let i(d) = -17 - 23 - 19 + 119*d + 54. Is i(26) prime?
True
Let q(u) = 11*u - 28*u**2 + 58*u**2 + 93 + 6*u + 129*u**2. Is q(-8) composite?
False
Let b = -225154 + 410497. Is b a composite number?
True
Suppose 19 = -3*d + 2*m, -m = d + 14 - 16. Is ((-8)/(-28))/(d/(-66507)) prime?
False
Let a(m) = -50*m**3 + 3*m**2 + 3*m + 65. Is a(-9) a composite number?
True
Let m be ((-8)/10 - 1)/(9/(-90)). Suppose -m*w + 174371 = -71131. Is w a prime number?
False
Suppose -27156 = -3*x - 3*b + 16593, -58314 = -4*x + 5*b. Let s = -2185 + 5110. Suppose 5*c = -2*w + x, -c + 4*w + s = -0*c. Is c a composite number?
False
Let w be (-74)/185 + (-5774)/(-10). Suppose -2*c - 8 = 0, w = -2*s + 2*c + 7043. Is s a composite number?
False
Let t be (0 - (-2 + 0)) + 8. Let f = -8 + t. Suppose -5*a + 313 = 3*c - 1698, -f*a - 3393 = -5*c. Is c a prime number?
True
Suppose -2*h + 80520 = -c - 86511, h - 5*c - 83538 = 0. Is h a prime number?
False
Suppose -105*p + 10817251 = 121*p - 25686495. Is p a composite number?
False
Suppose -17*o + 22*o = 1790. Let n = o - 615. Let l = 136 - n. Is l prime?
False
Suppose -80*i + 749441 = -1371526 - 1754633. Is i a prime number?
False
Let l be 8454 + 1*(-2 + 2)/(-4). Suppose 0*u - 2*u + l = 0. Let c = 6028 - u. Is c prime?
True
Let h = 36908 + -27759. Is h a composite number?
True
Suppose 2*l + 2*l + 5*v + 5 = 0, 2*v + 2 = -4*l. Suppose 108 = -4*m - l*m. Is 3/m + (-8804)/(-18) a prime number?
False
Is ((-182)/(-546))/(1/319647) prime?
False
Let z(i) = 184*i - 747. Is z(91) prime?
False
Let r(h) = -7757*h - 59. Let m(s) = 3877*s + 30. Let b(q) = 7*m(q) + 3*r(q). Is b(5) composite?
False
Let p(q) = q**3 + 2*q**2 + 3*q + 8999. Suppose 0 = 1067*r - 1062*r. Is p(r) a composite number?
False
Let c(l) = -l**3 - 2*l**2 + 2*l. Let q be c(-4). Let p = -20 + q. Suppose f - 3*u - 238 = 0, -4*u + 936 = -0*f + p*f. Is f a composite number?
True
Let y be (3 - 1)/(2/4) + -19. Suppose 4*p = -4*g - 12, -p + g - 9 = -g. Is 616 + p/(y/(-9)) a prime number?
True
Let n(b) be the second derivative of 0 - 33/2*b**3 + 19/2*b**2 + 16*b. Is n(-6) prime?
True
Suppose -5*a - 4 = -7*a. Suppose -4*j + 86954 = 2*s, a*j + 3*s = 6*s + 43465. Is j prime?
True
Let o be (2 - 3)*(5 + (-3 - -2)). Let i(l) = -15*l**3 - 4*l**2 - 6*l - 33. Is i(o) prime?
True
Suppose -208*n + 227*n - 799805 = 0. Is n composite?
True
Let x be (-4)/((-40)/(-18))*(-1 + 6). Is (6/x*1)/(4/(-3162)) a prime number?
False
Suppose 5*c - 3 = -2*h, -4*h - h = c - 19. Is (2 - (35369 + -4))*c a composite number?
False
Is 2586995*((-4)/(60/(-9)))/3 prime?
True
Let f(p) = -33661*p**2 - p + 14. Let y be f(-6). Is (-1)/(-5) + y/(-320) composite?
True
Is (2/8 - 594/(-88))*821 prime?
False
Let s be (-8)/40*0 - 12/(-2). Is (9862/(-6))/(2*s/(-36)) a prime number?
True
Let r(k) be the third derivative of -k**6/30 + 7*k**5/30 + k**4/6 + 5*k**3/6 - 3*k**2. Is r(-6) composite?
True
Let t = -190 - -192. Suppose -4874 = -t*f + 5*c, 4*f = -3*c - 0*c + 9800. Is f prime?
True
Let g be ((-2)/5)/((-8)/627080). Let z = 45497 - g. Is z prime?
True
Suppose -2*p + 1560 = 3*p + 3*g, 3*p - 4*g = 965. Let i be -5 + p - -1*2/2. Suppose -25*l + i = -24*l. Is l composite?
False
Let k(a) = 161*a**3 - 325*a**3 + 155*a**3 + 15*a - 5*a**2 - 17. Is k(-8) a composite number?
True
Let u = -5490 + 9127. Is u composite?
False
Let a(n) be the second derivative of 399*n**3/2 + 7*n**2 - 9*n. Let w be a(-10). Is 6/(-10) + w/(-35) + -4 a composite number?
False
Let g = 24 - 17. Suppose -3*u = j + g, -3*j - 5*u + 3 - 8 = 0. Suppose 8886 = j*n + q + 3636, 0 = n - 2*q - 1039. Is n a prime number?
True
Let a(v) = -v + 8. Let g be a(6). Suppose 5*m - 185*w - 18305 = -180*w, 2*m + w = 7331. Suppose g*d + 3672 = 4*q, -4*q - 6*d + 4*d = -m. Is q composite?
True
Let j(m) = -24*m + 13*m + 103*m**2 - 8 + 4 + 3. Is j(-5) a composite number?
True
Let x(r) = -43*r**2 + 2*r + 4. Let n(c) = 44*c**2 - 2*c - 5. Let i(y) = -3*n(y) - 4*x(y). Let v be i(-1). Let j = v - 30. Is j a composite number?
False
Let j(q) = -q**3 - 8*q**2 - 2*q - 14. Let a be j(-8). Let m = -101 + 115. Is m - 4/8*a prime?
True
Suppose 116*p - 382212065 = -51*p. Is p a composite number?
True
Let f(l) = -32*l + 121. Let z be f(-15). Let s = z - 60. Is s a composite number?
False
Let a(h) = -h**3 - 25*